{"id":1239,"date":"2026-01-25T20:57:38","date_gmt":"2026-01-25T19:57:38","guid":{"rendered":"https:\/\/ecovox-servizi.it\/?page_id=1239"},"modified":"2026-02-01T13:35:46","modified_gmt":"2026-02-01T12:35:46","slug":"cer","status":"publish","type":"page","link":"https:\/\/ecovox-servizi.it\/index.php\/cer\/","title":{"rendered":"CER"},"content":{"rendered":"\t\t<div data-elementor-type=\"wp-page\" data-elementor-id=\"1239\" class=\"elementor elementor-1239\">\n\t\t\t\t\t\t\t<div class=\"elementor-element elementor-element-0486643 e-flex e-con-boxed wpr-particle-no wpr-jarallax-no wpr-parallax-no wpr-sticky-section-no e-con e-parent\" data-id=\"0486643\" data-element_type=\"container\" data-settings=\"{&quot;content_width&quot;:&quot;boxed&quot;}\" data-core-v316-plus=\"true\">\n\t\t\t\t\t<div class=\"e-con-inner\">\n\t\t<div class=\"elementor-element elementor-element-d857621 e-flex e-con-boxed wpr-particle-no wpr-jarallax-no wpr-parallax-no wpr-sticky-section-no e-con e-child\" data-id=\"d857621\" data-element_type=\"container\" data-settings=\"{&quot;content_width&quot;:&quot;boxed&quot;}\">\n\t\t\t\t\t<div class=\"e-con-inner\">\n\t\t\t\t<div class=\"elementor-element elementor-element-a838947 elementor-widget elementor-widget-html\" data-id=\"a838947\" data-element_type=\"widget\" data-widget_type=\"html.default\">\n\t\t\t\t<div class=\"elementor-widget-container\">\n\t\t\t<!DOCTYPE html>\r\n<html lang=\"it\">\r\n<head>\r\n    <meta charset=\"UTF-8\">\r\n    <meta name=\"viewport\" content=\"width=device-width, initial-scale=1.0\">\r\n    <title>Condivisione dell'Energia - CER<\/title>\r\n    <style>\r\n        * {\r\n            margin: 0;\r\n            padding: 0;\r\n            box-sizing: border-box;\r\n        }\r\n\r\n        body {\r\n            font-family: 'Segoe UI', Tahoma, Geneva, Verdana, sans-serif;\r\n            line-height: 1.6;\r\n            color: #333;\r\n            background: linear-gradient(135deg, #f5f7fa 0%, #e8f5e9 100%);\r\n            min-height: 100vh;\r\n        }\r\n\r\n        .container {\r\n            max-width: 1400px;\r\n            margin: 0 auto;\r\n            padding: 40px 20px;\r\n        }\r\n\r\n        .hero {\r\n            background: linear-gradient(135deg, rgba(30, 90, 142, 0.95) 0%, rgba(44, 123, 182, 0.95) 100%),\r\n                        url('data:image\/svg+xml;base64,PHN2ZyB3aWR0aD0iMTIwMCIgaGVpZ2h0PSI0MDAiIHZpZXdCb3g9IjAgMCAxMjAwIDQwMCIgeG1sbnM9Imh0dHA6Ly93d3cudzMub3JnLzIwMDAvc3ZnIj4KICA8ZGVmcz4KICAgIDxsaW5lYXJHcmFkaWVudCBpZD0ic2t5IiB4MT0iMCUiIHkxPSIwJSIgeDI9IjAlIiB5Mj0iMTAwJSI+CiAgICAgIDxzdG9wIG9mZnNldD0iMCUiIHN0eWxlPSJzdG9wLWNvbG9yOiM4N0NFRUI7c3RvcC1vcGFjaXR5OjEiIC8+CiAgICAgIDxzdG9wIG9mZnNldD0iMTAwJSIgc3R5bGU9InN0b3AtY29sb3I6I0U4RjVGNztzdG9wLW9wYWNpdHk6MSIgLz4KICAgIDwvbGluZWFyR3JhZGllbnQ+CiAgPC9kZWZzPgogIAogIDwhLS0gU2t5IGJhY2tncm91bmQgLS0+CiAgPHJlY3Qgd2lkdGg9IjEyMDAiIGhlaWdodD0iNDAwIiBmaWxsPSJ1cmwoI3NreSkiLz4KICAKICA8IS0tIFN1biAtLT4KICA8Y2lyY2xlIGN4PSIxMDAwIiBjeT0iODAiIHI9IjUwIiBmaWxsPSIjRkRCNzEzIiBvcGFjaXR5PSIwLjkiLz4KICA8Y2lyY2xlIGN4PSIxMDAwIiBjeT0iODAiIHI9IjYwIiBmaWxsPSIjRkRCNzEzIiBvcGFjaXR5PSIwLjMiLz4KICAKICA8IS0tIENsb3VkcyAtLT4KICA8ZWxsaXBzZSBjeD0iMjAwIiBjeT0iMTAwIiByeD0iODAiIHJ5PSIzMCIgZmlsbD0id2hpdGUiIG9wYWNpdHk9IjAuNyIvPgogIDxlbGxpcHNlIGN4PSIyNTAiIGN5PSI5MCIgcng9IjcwIiByeT0iMzUiIGZpbGw9IndoaXRlIiBvcGFjaXR5PSIwLjciLz4KICA8ZWxsaXBzZSBjeD0iMTUwIiBjeT0iMTEwIiByeD0iNjAiIHJ5PSIyNSIgZmlsbD0id2hpdGUiIG9wYWNpdHk9IjAuNyIvPgogIAogIDxlbGxpcHNlIGN4PSI3MDAiIGN5PSI2MCIgcng9IjkwIiByeT0iNDAiIGZpbGw9IndoaXRlIiBvcGFjaXR5PSIwLjYiLz4KICA8ZWxsaXBzZSBjeD0iNzYwIiBjeT0iNTAiIHJ4PSI3MCIgcnk9IjM1IiBmaWxsPSJ3aGl0ZSIgb3BhY2l0eT0iMC42Ii8+CiAgCiAgPCEtLSBTb2xhciBQYW5lbHMgLS0+CiAgPCEtLSBQYW5lbCAxIC0tPgogIDxyZWN0IHg9IjEwMCIgeT0iMjgwIiB3aWR0aD0iMTIwIiBoZWlnaHQ9IjgwIiByeD0iNCIgZmlsbD0iIzFFNDBBRiIgc3Ryb2tlPSIjMkU1QkNGIiBzdHJva2Utd2lkdGg9IjIiLz4KICA8IS0tIEdyaWQgbGluZXMgLS0+CiAgPGxpbmUgeDE9IjE0MCIgeTE9IjI4MCIgeDI9IjE0MCIgeTI9IjM2MCIgc3Ryb2tlPSIjNjBBNUZBIiBzdHJva2Utd2lkdGg9IjEiIG9wYWNpdHk9IjAuNSIvPgogIDxsaW5lIHgxPSIxODAiIHkxPSIyODAiIHgyPSIxODAiIHkyPSIzNjAiIHN0cm9rZT0iIzYwQTVGQSIgc3Ryb2tlLXdpZHRoPSIxIiBvcGFjaXR5PSIwLjUiLz4KICA8bGluZSB4MT0iMTAwIiB5MT0iMzAwIiB4Mj0iMjIwIiB5Mj0iMzAwIiBzdHJva2U9IiM2MEE1RkEiIHN0cm9rZS13aWR0aD0iMSIgb3BhY2l0eT0iMC41Ii8+CiAgPGxpbmUgeDE9IjEwMCIgeTE9IjMyMCIgeDI9IjIyMCIgeTI9IjMyMCIgc3Ryb2tlPSIjNjBBNUZBIiBzdHJva2Utd2lkdGg9IjEiIG9wYWNpdHk9IjAuNSIvPgogIDxsaW5lIHgxPSIxMDAiIHkxPSIzNDAiIHgyPSIyMjAiIHkyPSIzNDAiIHN0cm9rZT0iIzYwQTVGQSIgc3Ryb2tlLXdpZHRoPSIxIiBvcGFjaXR5PSIwLjUiLz4KICAKICA8IS0tIFBhbmVsIDIgLS0+CiAgPHJlY3QgeD0iMjQwIiB5PSIyODAiIHdpZHRoPSIxMjAiIGhlaWdodD0iODAiIHJ4PSI0IiBmaWxsPSIjMUU0MEFGIiBzdHJva2U9IiMyRTVCQ0YiIHN0cm9rZS13aWR0aD0iMiIvPgogIDxsaW5lIHgxPSIyODAiIHkxPSIyODAiIHgyPSIyODAiIHkyPSIzNjAiIHN0cm9rZT0iIzYwQTVGQSIgc3Ryb2tlLXdpZHRoPSIxIiBvcGFjaXR5PSIwLjUiLz4KICA8bGluZSB4MT0iMzIwIiB5MT0iMjgwIiB4Mj0iMzIwIiB5Mj0iMzYwIiBzdHJva2U9IiM2MEE1RkEiIHN0cm9rZS13aWR0aD0iMSIgb3BhY2l0eT0iMC41Ii8+CiAgPGxpbmUgeDE9IjI0MCIgeTE9IjMwMCIgeDI9IjM2MCIgeTI9IjMwMCIgc3Ryb2tlPSIjNjBBNUZBIiBzdHJva2Utd2lkdGg9IjEiIG9wYWNpdHk9IjAuNSIvPgogIDxsaW5lIHgxPSIyNDAiIHkxPSIzMjAiIHgyPSIzNjAiIHkyPSIzMjAiIHN0cm9rZT0iIzYwQTVGQSIgc3Ryb2tlLXdpZHRoPSIxIiBvcGFjaXR5PSIwLjUiLz4KICA8bGluZSB4MT0iMjQwIiB5MT0iMzQwIiB4Mj0iMzYwIiB5Mj0iMzQwIiBzdHJva2U9IiM2MEE1RkEiIHN0cm9rZS13aWR0aD0iMSIgb3BhY2l0eT0iMC41Ii8+CiAgCiAgPCEtLSBQYW5lbCAzIC0tPgogIDxyZWN0IHg9IjM4MCIgeT0iMjgwIiB3aWR0aD0iMTIwIiBoZWlnaHQ9IjgwIiByeD0iNCIgZmlsbD0iIzFFNDBBRiIgc3Ryb2tlPSIjMkU1QkNGIiBzdHJva2Utd2lkdGg9IjIiLz4KICA8bGluZSB4MT0iNDIwIiB5MT0iMjgwIiB4Mj0iNDIwIiB5Mj0iMzYwIiBzdHJva2U9IiM2MEE1RkEiIHN0cm9rZS13aWR0aD0iMSIgb3BhY2l0eT0iMC41Ii8+CiAgPGxpbmUgeDE9IjQ2MCIgeTE9IjI4MCIgeDI9IjQ2MCIgeTI9IjM2MCIgc3Ryb2tlPSIjNjBBNUZBIiBzdHJva2Utd2lkdGg9IjEiIG9wYWNpdHk9IjAuNSIvPgogIDxsaW5lIHgxPSIzODAiIHkxPSIzMDAiIHgyPSI1MDAiIHkyPSIzMDAiIHN0cm9rZT0iIzYwQTVGQSIgc3Ryb2tlLXdpZHRoPSIxIiBvcGFjaXR5PSIwLjUiLz4KICA8bGluZSB4MT0iMzgwIiB5MT0iMzIwIiB4Mj0iNTAwIiB5Mj0iMzIwIiBzdHJva2U9IiM2MEE1RkEiIHN0cm9rZS13aWR0aD0iMSIgb3BhY2l0eT0iMC41Ii8+CiAgPGxpbmUgeDE9IjM4MCIgeTE9IjM0MCIgeDI9IjUwMCIgeTI9IjM0MCIgc3Ryb2tlPSIjNjBBNUZBIiBzdHJva2Utd2lkdGg9IjEiIG9wYWNpdHk9IjAuNSIvPgogIAogIDwhLS0gSG91c2VzIC0tPgogIDwhLS0gSG91c2UgMSAtLT4KICA8cmVjdCB4PSI2MDAiIHk9IjI2MCIgd2lkdGg9IjgwIiBoZWlnaHQ9IjEwMCIgZmlsbD0iI0ZGRiIgc3Ryb2tlPSIjRDFENURCIiBzdHJva2Utd2lkdGg9IjIiLz4KICA8cG9seWdvbiBwb2ludHM9IjU4MCwyNjAgNjQwLDIxMCA3MDAsMjYwIiBmaWxsPSIjRUY0NDQ0Ii8+CiAgPHJlY3QgeD0iNjIwIiB5PSIzMDAiIHdpZHRoPSIyNSIgaGVpZ2h0PSI2MCIgZmlsbD0iIzZCNzI4MCIvPgogIDxyZWN0IHg9IjY1NSIgeT0iMjcwIiB3aWR0aD0iMTUiIGhlaWdodD0iMTUiIGZpbGw9IiNGREM4MDAiIG9wYWNpdHk9IjAuNyIvPgogIAogIDwhLS0gSG91c2UgMiAtLT4KICA8cmVjdCB4PSI3MjAiIHk9IjI3MCIgd2lkdGg9IjcwIiBoZWlnaHQ9IjkwIiBmaWxsPSIjRkZGIiBzdHJva2U9IiNEMUQ1REIiIHN0cm9rZS13aWR0aD0iMiIvPgogIDxwb2x5Z29uIHBvaW50cz0iNzAwLDI3MCA3NTUsMjI1IDgxMCwyNzAiIGZpbGw9IiNFRjQ0NDQiLz4KICA8cmVjdCB4PSI3MzUiIHk9IjMxMCIgd2lkdGg9IjIwIiBoZWlnaHQ9IjUwIiBmaWxsPSIjNkI3MjgwIi8+CiAgPHJlY3QgeD0iNzcwIiB5PSIyODAiIHdpZHRoPSIxMiIgaGVpZ2h0PSIxMiIgZmlsbD0iI0ZEQzgwMCIgb3BhY2l0eT0iMC43Ii8+CiAgCiAgPCEtLSBUcmVlcyAtLT4KICA8Y2lyY2xlIGN4PSI1NDAiIGN5PSIzMDAiIHI9IjQwIiBmaWxsPSIjMEVCMzZEIiBvcGFjaXR5PSIwLjgiLz4KICA8cmVjdCB4PSI1MzAiIHk9IjMyMCIgd2lkdGg9IjIwIiBoZWlnaHQ9IjQwIiBmaWxsPSIjNzkyRDIxIi8+CiAgCiAgPGNpcmNsZSBjeD0iODcwIiBjeT0iMzEwIiByPSIzNSIgZmlsbD0iIzBFQjM2RCIgb3BhY2l0eT0iMC44Ii8+CiAgPHJlY3QgeD0iODYyIiB5PSIzMzAiIHdpZHRoPSIxNiIgaGVpZ2h0PSIzMCIgZmlsbD0iIzc5MkQyMSIvPgogIAogIDwhLS0gRW5lcmd5IGZsb3cgbGluZXMgLS0+CiAgPHBhdGggZD0iTSAyMjAgMzIwIFEgNDAwIDI1MCA2MDAgMzAwIiBzdHJva2U9IiNGREI3MTMiIHN0cm9rZS13aWR0aD0iMyIgZmlsbD0ibm9uZSIgc3Ryb2tlLWRhc2hhcnJheT0iMTAgNSIgb3BhY2l0eT0iMC42Ii8+CiAgPHBhdGggZD0iTSAzNjAgMzIwIFEgNTAwIDI2MCA3MjAgMzEwIiBzdHJva2U9IiNGREI3MTMiIHN0cm9rZS13aWR0aD0iMyIgZmlsbD0ibm9uZSIgc3Ryb2tlLWRhc2hhcnJheT0iMTAgNSIgb3BhY2l0eT0iMC42Ii8+Cjwvc3ZnPg==');\r\n            background-size: cover;\r\n            background-position: center;\r\n            color: white;\r\n            padding: 60px 40px;\r\n            border-radius: 20px;\r\n            box-shadow: 0 20px 60px rgba(0, 0, 0, 0.15);\r\n            margin-bottom: 50px;\r\n            position: relative;\r\n            overflow: hidden;\r\n        }\r\n\r\n        .hero::before {\r\n            content: '';\r\n            position: absolute;\r\n            top: -50%;\r\n            right: -10%;\r\n            width: 500px;\r\n            height: 500px;\r\n            background: rgba(255, 255, 255, 0.03);\r\n            border-radius: 50%;\r\n        }\r\n\r\n        .hero h1 {\r\n            font-size: 2.5em;\r\n            margin-bottom: 15px;\r\n            font-weight: 700;\r\n            position: relative;\r\n        }\r\n\r\n        .hero h2 {\r\n            font-size: 2.2em;\r\n            color: #5dd39e;\r\n            margin-bottom: 30px;\r\n            font-weight: 600;\r\n            position: relative;\r\n        }\r\n\r\n        .hero-subtitle {\r\n            font-size: 1.3em;\r\n            font-weight: 600;\r\n            margin-bottom: 20px;\r\n            margin-top: 40px;\r\n            position: relative;\r\n        }\r\n\r\n        .hero p {\r\n            font-size: 1.1em;\r\n            line-height: 1.8;\r\n            opacity: 0.95;\r\n            max-width: 800px;\r\n            position: relative;\r\n        }\r\n\r\n        .content-grid {\r\n            display: grid;\r\n            grid-template-columns: 1fr 1fr;\r\n            gap: 40px;\r\n            margin-bottom: 40px;\r\n        }\r\n\r\n        .communities-section {\r\n            background: white;\r\n            padding: 40px;\r\n            border-radius: 16px;\r\n            box-shadow: 0 10px 40px rgba(0, 0, 0, 0.08);\r\n        }\r\n\r\n        .communities-section h3 {\r\n            color: #1e5a8e;\r\n            font-size: 2em;\r\n            margin-bottom: 10px;\r\n        }\r\n\r\n        .communities-section .subtitle {\r\n            color: #666;\r\n            margin-bottom: 30px;\r\n            font-size: 1.05em;\r\n        }\r\n\r\n        .community-card {\r\n            padding: 18px 24px;\r\n            margin-bottom: 15px;\r\n            background: linear-gradient(135deg, #f8f9fa 0%, #ffffff 100%);\r\n            border-left: 4px solid #5dd39e;\r\n            border-radius: 10px;\r\n            transition: all 0.3s ease;\r\n            cursor: pointer;\r\n            text-decoration: none;\r\n            display: block;\r\n        }\r\n\r\n        .community-card:hover {\r\n            transform: translateX(8px);\r\n            box-shadow: 0 8px 25px rgba(93, 211, 158, 0.15);\r\n            border-left-color: #1e5a8e;\r\n        }\r\n\r\n        .community-card .name {\r\n            color: #1e5a8e;\r\n            font-weight: 700;\r\n            font-size: 1.1em;\r\n            margin-bottom: 5px;\r\n        }\r\n\r\n        .community-card .location {\r\n            color: #666;\r\n            font-size: 0.95em;\r\n        }\r\n\r\n        .cta-section {\r\n            background: linear-gradient(135deg, #5dd39e 0%, #4bc888 100%);\r\n            padding: 50px 40px;\r\n            border-radius: 16px;\r\n            text-align: center;\r\n            box-shadow: 0 10px 40px rgba(93, 211, 158, 0.25);\r\n            color: white;\r\n        }\r\n\r\n        .cta-section h3 {\r\n            font-size: 2em;\r\n            margin-bottom: 30px;\r\n        }\r\n\r\n        .cta-section .cer-highlight {\r\n            color: #1e5a8e;\r\n            font-weight: 700;\r\n        }\r\n\r\n        .cta-button {\r\n            display: inline-flex;\r\n            align-items: center;\r\n            gap: 10px;\r\n            background: white;\r\n            color: #1e5a8e;\r\n            padding: 18px 40px;\r\n            border-radius: 50px;\r\n            text-decoration: none;\r\n            font-weight: 700;\r\n            font-size: 1.1em;\r\n            transition: all 0.3s ease;\r\n            box-shadow: 0 8px 25px rgba(0, 0, 0, 0.15);\r\n            margin-top: 10px;\r\n        }\r\n\r\n        .cta-button:hover {\r\n            transform: translateY(-3px);\r\n            box-shadow: 0 12px 35px rgba(0, 0, 0, 0.2);\r\n        }\r\n\r\n        .faq-section {\r\n            background: white;\r\n            padding: 40px;\r\n            border-radius: 16px;\r\n            box-shadow: 0 10px 40px rgba(0, 0, 0, 0.08);\r\n            text-align: center;\r\n        }\r\n\r\n        .faq-section h3 {\r\n            color: #5dd39e;\r\n            font-size: 2.5em;\r\n            margin-bottom: 20px;\r\n            font-weight: 700;\r\n        }\r\n\r\n        .faq-section p {\r\n            color: #666;\r\n            font-size: 1.1em;\r\n        }\r\n\r\n        .faq-section a {\r\n            color: #1e5a8e;\r\n            font-weight: 700;\r\n            text-decoration: none;\r\n            border-bottom: 2px solid #5dd39e;\r\n            transition: all 0.3s ease;\r\n        }\r\n\r\n        .faq-section a:hover {\r\n            color: #5dd39e;\r\n            border-bottom-color: #1e5a8e;\r\n        }\r\n\r\n        .icon {\r\n            width: 24px;\r\n            height: 24px;\r\n            fill: currentColor;\r\n        }\r\n\r\n        @media (max-width: 968px) {\r\n            .content-grid {\r\n                grid-template-columns: 1fr;\r\n            }\r\n\r\n            .hero h1 {\r\n                font-size: 2em;\r\n            }\r\n\r\n            .hero h2 {\r\n                font-size: 1.8em;\r\n            }\r\n        }\r\n\r\n        @media (max-width: 600px) {\r\n            .hero {\r\n                padding: 40px 25px;\r\n            }\r\n\r\n            .communities-section, .cta-section, .faq-section {\r\n                padding: 30px 25px;\r\n            }\r\n        }\r\n    <\/style>\r\n<\/head>\r\n<body data-rsssl=1 data-rsssl=1 data-rsssl=1>\r\n    <div class=\"container\">\r\n        <div class=\"hero\">\r\n            <h1>Condivisione dell'Energia:<\/h1>\r\n            <h2>Un Nuovo Modo di Fare Energia Insieme<\/h2>\r\n            \r\n            <p class=\"hero-subtitle\">Condividere l'energia in modo collaborativo!<\/p>\r\n            <p>La condivisione dell'energia \u00e8 un approccio innovativo che permette di soddisfare i bisogni energetici (privati, PA, P.iva) unendo le forze con l'installazione di piccoli impianti energetici basati su fonti rinnovabili.<\/p>\r\n        <\/div>\r\n\r\n        <div class=\"content-grid\">\r\n            <div class=\"communities-section\">\r\n                <h3>Scegli la tua comunit\u00e0 energetica<\/h3>\r\n                <p class=\"subtitle\">Clicca sulla CER di riferimento per informazioni o per aderire all'iniziativa.<\/p>\r\n                \r\n               <a href=\"https:\/\/onboarding.ecovox-servizi.it\/login?signup=2d2983fd-be4a-11f0-97f9-00155d863e0b\" class=\"community-card\">\r\n    <div class=\"name\">CER Pescara<\/div>\r\n    <div class=\"location\"><\/div>\r\n<\/a>\r\n\r\n<a href=\"https:\/\/onboarding.ecovox-servizi.it\/login?signup=2d2983fd-be4a-11f0-97f9-00155d863e0b\" class=\"community-card\">\r\n    <div class=\"name\">Comunit\u00e0 Energetica Val di Sangro<\/div>\r\n    <div class=\"location\">(Chieti)<\/div>\r\n<\/a>\r\n\r\n<a href=\"https:\/\/onboarding.ecovox-servizi.it\/login?signup=2d2983fd-be4a-11f0-97f9-00155d863e0b\" class=\"community-card\">\r\n    <div class=\"name\">CER Energie per Bomba<\/div>\r\n    <div class=\"location\">(Chieti)<\/div>\r\n<\/a>\r\n\r\n<a href=\"https:\/\/onboarding.ecovox-servizi.it\/login?signup=2d2983fd-be4a-11f0-97f9-00155d863e0b\" class=\"community-card\">\r\n    <div class=\"name\">Comunit\u00e0 Energetica GAL Molise<\/div>\r\n    <div class=\"location\">(Campobasso)<\/div>\r\n<\/a>\r\n\r\n<a href=\"https:\/\/onboarding.ecovox-servizi.it\/login?signup=2d2983fd-be4a-11f0-97f9-00155d863e0b\" class=\"community-card\">\r\n    <div class=\"name\">Comunit\u00e0 Energetica Terra Nostra<\/div>\r\n    <div class=\"location\">(Chieti)<\/div>\r\n<\/a>\r\n\r\n<a href=\"https:\/\/onboarding.ecovox-servizi.it\/login?signup=2d2983fd-be4a-11f0-97f9-00155d863e0b\" class=\"community-card\">\r\n    <div class=\"name\">Comunit\u00e0 Energetica Francavilla Energia Sostenibile<\/div>\r\n    <div class=\"location\">(Chieti)<\/div>\r\n<\/a>\r\n            <\/div>\r\n\r\n            <div>\r\n                <div class=\"cta-section\">\r\n                    <h3>Non sai a quale <span class=\"cer-highlight\">CER<\/span> aderire?<\/h3>\r\n                    <a href=\"https:\/\/onboarding.ecovox-servizi.it\/login?signup=2d2983fd-be4a-11f0-97f9-00155d863e0b\" class=\"cta-button\">\r\n                        <svg class=\"icon\" viewBox=\"0 0 24 24\" xmlns=\"http:\/\/www.w3.org\/2000\/svg\">\r\n                            <path d=\"M19 3H5c-1.1 0-2 .9-2 2v14c0 1.1.9 2 2 2h14c1.1 0 2-.9 2-2V5c0-1.1-.9-2-2-2zm-5 14H7v-2h7v2zm3-4H7v-2h10v2zm0-4H7V7h10v2z\"\/>\r\n                        <\/svg>\r\n                        Compila il modulo\r\n                    <\/a>\r\n                <\/div>\r\n\r\n                <div class=\"faq-section\" style=\"margin-top: 40px;\">\r\n                    <h3>FAQ<\/h3>\r\n                    <p>Se vuoi sapere di pi\u00f9 visita il sito ufficiale del <a href=\"https:\/\/www.gse.it\/servizi-per-te\/autoconsumo\/gruppi-di-autoconsumatori-e-comunita-di-energia-rinnovabile\" target=\"_blank\">GSE<\/a><\/p>\r\n                <\/div>\r\n            <\/div>\r\n        <\/div>\r\n    <\/div>\r\n<\/body>\r\n<\/html>\t\t<\/div>\n\t\t\t\t<\/div>\n\t\t\t\t\t<\/div>\n\t\t\t\t<\/div>\n\t\t\t\t\t<\/div>\n\t\t\t\t<\/div>\n\t\t\t\t\t\t\t<\/div>\n\t\t","protected":false},"excerpt":{"rendered":"<p>Condivisione dell&#8217;Energia &#8211; CER Condivisione dell&#8217;Energia: Un Nuovo Modo di Fare Energia Insieme Condividere l&#8217;energia in modo collaborativo! La condivisione dell&#8217;energia \u00e8 un approccio innovativo che permette di soddisfare i bisogni energetici (privati, PA, P.iva) unendo le forze con l&#8217;installazione di piccoli impianti energetici basati su fonti rinnovabili. Scegli la tua comunit\u00e0 energetica Clicca sulla CER di riferimento per informazioni o per aderire all&#8217;iniziativa. CER Pescara Comunit\u00e0 Energetica Val di Sangro (Chieti) CER Energie per Bomba (Chieti) Comunit\u00e0 Energetica GAL Molise (Campobasso) Comunit\u00e0 Energetica Terra Nostra (Chieti) Comunit\u00e0 Energetica Francavilla Energia Sostenibile (Chieti) Non sai a quale CER aderire? Compila il modulo FAQ Se vuoi sapere di pi\u00f9 visita il sito ufficiale del GSE<\/p>\n","protected":false},"author":2,"featured_media":782,"parent":0,"menu_order":0,"comment_status":"closed","ping_status":"closed","template":"elementor_canvas","meta":{"footnotes":""},"yoast_head":"<!-- This site is optimized with the Yoast SEO plugin v21.5 - https:\/\/yoast.com\/wordpress\/plugins\/seo\/ -->\n<title>CER - Ecovox<\/title>\n<meta name=\"robots\" content=\"index, follow, max-snippet:-1, max-image-preview:large, max-video-preview:-1\" \/>\n<link rel=\"canonical\" href=\"https:\/\/ecovox-servizi.it\/index.php\/cer\/\" \/>\n<meta property=\"og:locale\" content=\"en_US\" \/>\n<meta property=\"og:type\" content=\"article\" \/>\n<meta property=\"og:title\" content=\"CER - Ecovox\" \/>\n<meta property=\"og:description\" content=\"Condivisione dell&#8217;Energia &#8211; CER Condivisione dell&#8217;Energia: Un Nuovo Modo di Fare Energia Insieme Condividere l&#8217;energia in modo collaborativo! La condivisione dell&#8217;energia \u00e8 un approccio innovativo che permette di soddisfare i bisogni energetici (privati, PA, P.iva) unendo le forze con l&#8217;installazione di piccoli impianti energetici basati su fonti rinnovabili. Scegli la tua comunit\u00e0 energetica Clicca sulla CER di riferimento per informazioni o per aderire all&#8217;iniziativa. CER Pescara Comunit\u00e0 Energetica Val di Sangro (Chieti) CER Energie per Bomba (Chieti) Comunit\u00e0 Energetica GAL Molise (Campobasso) Comunit\u00e0 Energetica Terra Nostra (Chieti) Comunit\u00e0 Energetica Francavilla Energia Sostenibile (Chieti) Non sai a quale CER aderire? Compila il modulo FAQ Se vuoi sapere di pi\u00f9 visita il sito ufficiale del GSE\" \/>\n<meta property=\"og:url\" content=\"https:\/\/ecovox-servizi.it\/index.php\/cer\/\" \/>\n<meta property=\"og:site_name\" content=\"Ecovox\" \/>\n<meta property=\"article:modified_time\" content=\"2026-02-01T12:35:46+00:00\" \/>\n<meta property=\"og:image\" content=\"https:\/\/ecovox-servizi.it\/wp-content\/uploads\/2023\/10\/11.webp\" \/>\n\t<meta property=\"og:image:width\" content=\"1920\" \/>\n\t<meta property=\"og:image:height\" content=\"1080\" \/>\n\t<meta property=\"og:image:type\" content=\"image\/webp\" \/>\n<meta name=\"twitter:card\" content=\"summary_large_image\" \/>\n<meta name=\"twitter:label1\" content=\"Est. reading time\" \/>\n\t<meta name=\"twitter:data1\" content=\"1 minute\" \/>\n<script type=\"application\/ld+json\" class=\"yoast-schema-graph\">{\"@context\":\"https:\/\/schema.org\",\"@graph\":[{\"@type\":\"WebPage\",\"@id\":\"https:\/\/ecovox-servizi.it\/index.php\/cer\/\",\"url\":\"https:\/\/ecovox-servizi.it\/index.php\/cer\/\",\"name\":\"CER - Ecovox\",\"isPartOf\":{\"@id\":\"https:\/\/ecovox-servizi.it\/#website\"},\"datePublished\":\"2026-01-25T19:57:38+00:00\",\"dateModified\":\"2026-02-01T12:35:46+00:00\",\"breadcrumb\":{\"@id\":\"https:\/\/ecovox-servizi.it\/index.php\/cer\/#breadcrumb\"},\"inLanguage\":\"en-US\",\"potentialAction\":[{\"@type\":\"ReadAction\",\"target\":[\"https:\/\/ecovox-servizi.it\/index.php\/cer\/\"]}]},{\"@type\":\"BreadcrumbList\",\"@id\":\"https:\/\/ecovox-servizi.it\/index.php\/cer\/#breadcrumb\",\"itemListElement\":[{\"@type\":\"ListItem\",\"position\":1,\"name\":\"Home\",\"item\":\"https:\/\/ecovox-servizi.it\/\"},{\"@type\":\"ListItem\",\"position\":2,\"name\":\"CER\"}]},{\"@type\":\"WebSite\",\"@id\":\"https:\/\/ecovox-servizi.it\/#website\",\"url\":\"https:\/\/ecovox-servizi.it\/\",\"name\":\"Ecovox\",\"description\":\"\",\"publisher\":{\"@id\":\"https:\/\/ecovox-servizi.it\/#organization\"},\"alternateName\":\"Societ\u00e0 di servizi energetici\",\"potentialAction\":[{\"@type\":\"SearchAction\",\"target\":{\"@type\":\"EntryPoint\",\"urlTemplate\":\"https:\/\/ecovox-servizi.it\/?s={search_term_string}\"},\"query-input\":\"required name=search_term_string\"}],\"inLanguage\":\"en-US\"},{\"@type\":\"Organization\",\"@id\":\"https:\/\/ecovox-servizi.it\/#organization\",\"name\":\"Ecovox S.r.l.s.\",\"alternateName\":\"Societ\u00e0 di Servizi Energetici\",\"url\":\"https:\/\/ecovox-servizi.it\/\",\"logo\":{\"@type\":\"ImageObject\",\"inLanguage\":\"en-US\",\"@id\":\"https:\/\/ecovox-servizi.it\/#\/schema\/logo\/image\/\",\"url\":\"https:\/\/ecovox-servizi.it\/wp-content\/uploads\/2023\/10\/logo-ecovox-1.webp\",\"contentUrl\":\"https:\/\/ecovox-servizi.it\/wp-content\/uploads\/2023\/10\/logo-ecovox-1.webp\",\"width\":1080,\"height\":1080,\"caption\":\"Ecovox S.r.l.s.\"},\"image\":{\"@id\":\"https:\/\/ecovox-servizi.it\/#\/schema\/logo\/image\/\"},\"sameAs\":[\"https:\/\/www.linkedin.com\/company\/ecovox-servizi\/\"]}]}<\/script>\n<!-- \/ Yoast SEO plugin. -->","yoast_head_json":{"title":"CER - Ecovox","robots":{"index":"index","follow":"follow","max-snippet":"max-snippet:-1","max-image-preview":"max-image-preview:large","max-video-preview":"max-video-preview:-1"},"canonical":"https:\/\/ecovox-servizi.it\/index.php\/cer\/","og_locale":"en_US","og_type":"article","og_title":"CER - Ecovox","og_description":"Condivisione dell&#8217;Energia &#8211; CER Condivisione dell&#8217;Energia: Un Nuovo Modo di Fare Energia Insieme Condividere l&#8217;energia in modo collaborativo! La condivisione dell&#8217;energia \u00e8 un approccio innovativo che permette di soddisfare i bisogni energetici (privati, PA, P.iva) unendo le forze con l&#8217;installazione di piccoli impianti energetici basati su fonti rinnovabili. Scegli la tua comunit\u00e0 energetica Clicca sulla CER di riferimento per informazioni o per aderire all&#8217;iniziativa. CER Pescara Comunit\u00e0 Energetica Val di Sangro (Chieti) CER Energie per Bomba (Chieti) Comunit\u00e0 Energetica GAL Molise (Campobasso) Comunit\u00e0 Energetica Terra Nostra (Chieti) Comunit\u00e0 Energetica Francavilla Energia Sostenibile (Chieti) Non sai a quale CER aderire? Compila il modulo FAQ Se vuoi sapere di pi\u00f9 visita il sito ufficiale del GSE","og_url":"https:\/\/ecovox-servizi.it\/index.php\/cer\/","og_site_name":"Ecovox","article_modified_time":"2026-02-01T12:35:46+00:00","og_image":[{"width":1920,"height":1080,"url":"https:\/\/ecovox-servizi.it\/wp-content\/uploads\/2023\/10\/11.webp","type":"image\/webp"}],"twitter_card":"summary_large_image","twitter_misc":{"Est. reading time":"1 minute"},"schema":{"@context":"https:\/\/schema.org","@graph":[{"@type":"WebPage","@id":"https:\/\/ecovox-servizi.it\/index.php\/cer\/","url":"https:\/\/ecovox-servizi.it\/index.php\/cer\/","name":"CER - Ecovox","isPartOf":{"@id":"https:\/\/ecovox-servizi.it\/#website"},"datePublished":"2026-01-25T19:57:38+00:00","dateModified":"2026-02-01T12:35:46+00:00","breadcrumb":{"@id":"https:\/\/ecovox-servizi.it\/index.php\/cer\/#breadcrumb"},"inLanguage":"en-US","potentialAction":[{"@type":"ReadAction","target":["https:\/\/ecovox-servizi.it\/index.php\/cer\/"]}]},{"@type":"BreadcrumbList","@id":"https:\/\/ecovox-servizi.it\/index.php\/cer\/#breadcrumb","itemListElement":[{"@type":"ListItem","position":1,"name":"Home","item":"https:\/\/ecovox-servizi.it\/"},{"@type":"ListItem","position":2,"name":"CER"}]},{"@type":"WebSite","@id":"https:\/\/ecovox-servizi.it\/#website","url":"https:\/\/ecovox-servizi.it\/","name":"Ecovox","description":"","publisher":{"@id":"https:\/\/ecovox-servizi.it\/#organization"},"alternateName":"Societ\u00e0 di servizi energetici","potentialAction":[{"@type":"SearchAction","target":{"@type":"EntryPoint","urlTemplate":"https:\/\/ecovox-servizi.it\/?s={search_term_string}"},"query-input":"required name=search_term_string"}],"inLanguage":"en-US"},{"@type":"Organization","@id":"https:\/\/ecovox-servizi.it\/#organization","name":"Ecovox S.r.l.s.","alternateName":"Societ\u00e0 di Servizi Energetici","url":"https:\/\/ecovox-servizi.it\/","logo":{"@type":"ImageObject","inLanguage":"en-US","@id":"https:\/\/ecovox-servizi.it\/#\/schema\/logo\/image\/","url":"https:\/\/ecovox-servizi.it\/wp-content\/uploads\/2023\/10\/logo-ecovox-1.webp","contentUrl":"https:\/\/ecovox-servizi.it\/wp-content\/uploads\/2023\/10\/logo-ecovox-1.webp","width":1080,"height":1080,"caption":"Ecovox S.r.l.s."},"image":{"@id":"https:\/\/ecovox-servizi.it\/#\/schema\/logo\/image\/"},"sameAs":["https:\/\/www.linkedin.com\/company\/ecovox-servizi\/"]}]}},"_links":{"self":[{"href":"https:\/\/ecovox-servizi.it\/index.php\/wp-json\/wp\/v2\/pages\/1239"}],"collection":[{"href":"https:\/\/ecovox-servizi.it\/index.php\/wp-json\/wp\/v2\/pages"}],"about":[{"href":"https:\/\/ecovox-servizi.it\/index.php\/wp-json\/wp\/v2\/types\/page"}],"author":[{"embeddable":true,"href":"https:\/\/ecovox-servizi.it\/index.php\/wp-json\/wp\/v2\/users\/2"}],"replies":[{"embeddable":true,"href":"https:\/\/ecovox-servizi.it\/index.php\/wp-json\/wp\/v2\/comments?post=1239"}],"version-history":[{"count":26,"href":"https:\/\/ecovox-servizi.it\/index.php\/wp-json\/wp\/v2\/pages\/1239\/revisions"}],"predecessor-version":[{"id":1328,"href":"https:\/\/ecovox-servizi.it\/index.php\/wp-json\/wp\/v2\/pages\/1239\/revisions\/1328"}],"wp:featuredmedia":[{"embeddable":true,"href":"https:\/\/ecovox-servizi.it\/index.php\/wp-json\/wp\/v2\/media\/782"}],"wp:attachment":[{"href":"https:\/\/ecovox-servizi.it\/index.php\/wp-json\/wp\/v2\/media?parent=1239"}],"curies":[{"name":"wp","href":"https:\/\/api.w.org\/{rel}","templated":true}]}}